Calculate f(j).
-5
Let x(g) = -12*g**2 - 3*g - 1. Let i be ((-15)/(4 - 49))/(2/(-12) - 0). What is x(i)?
-43
Let x(k) = -k**3 + k**2 + 11*k + 6. Let u be x(6). Let v = 107 + u. Let p(h) = -7*h**2 + h. Calculate p(v).
-8
Let o(k) = k**3 - 14*k**2 + 6*k - 77. Suppose 899 - 101 = 13*s + 44*s. Determine o(s).
7
Let x(h) = 14*h + 6. Let t(m) = 76*m + 32. Let v(k) = 2*t(k) - 11*x(k). Let u(l) = 5*l + 4. Let o be (-2 - -3)/(1/7). Let c(g) = o*v(g) + 3*u(g). Give c(8).
6
Let f(h) = h + 14. Let x(q) = -83*q + 1918. Let a be x(23). Give f(a).
23
Let o(w) = 244*w**2 + 2*w + 1. Let z(n) = 163*n**2 + 1. Let p(f) = -2*o(f) + 3*z(f). Suppose 4*g + 0 = 2*u + 8, 0 = -5*u - g + 13. Give p(u).
-3
Let f be (1 - 4)/((-6)/(-8)). Let h(g) = -5*g**2 - 84*g - 1 - 20*g - g**3 - 3*g + 102*g. Calculate h(f).
3
Let c(s) be the third derivative of -s**6/60 - 7*s**5/12 + 11*s**4/12 + 9*s**3/2 + 7*s**2 - 2*s + 39. Calculate c(-18).
-45
Let u be 130/(-50) + 4/(-10) + 0. Let o(b) = -b + 1. Let j(d) = 8*d - 9. Let z(p) = 2*j(p) + 14*o(p). Give z(u).
-10
Let z(a) be the first derivative of 2*a**2 + 29*a - 43091. Let i be (1 - -2) + -1 + -9. Determine z(i).
1
Let h(w) = 18*w + 54 - 6*w**2 + 58*w**2 - 52 - 49*w**2. What is h(-7)?
23
Let r(g) = 5*g**3 - 15*g**2 + 13*g - 47. Let b(a) = -4*a**3 + 14*a**2 - 12*a + 44. Let w(f) = 6*b(f) + 5*r(f). Give w(-10).
-1
Let a(x) = -18*x - 125. Let n be a(-7). Let w be -3*n/(-3)*-1. Let d(u) = -8*u**2 - 1. What is d(w)?
-9
Let k(o) = -32 - 106*o - o**2 + 0*o**2 + 80*o + 41*o. Calculate k(10).
18
Suppose 3730 = 17*o + 3951. Let m(d) = d**3 + 12*d**2 - 12*d + 3. Determine m(o).
-10
Let v(i) be the first derivative of i**4/4 - 7*i**3/3 + 3*i**2 - 4*i - 7382. Determine v(5).
-24
Let r(z) = z**3 - 2*z. Suppose 15 = -4*f + 7*f. Suppose f = 16*u - 27. What is r(u)?
4
Let b(a) = -5 - a - 6*a + a. Let r(f) = 4*f**3 + 8*f**2 - 5. Let o(t) = 7*t**3 + 16*t**2 + 2*t - 12. Let n(x) = 3*o(x) - 5*r(x). Let l be n(-7). Calculate b(l).
19
Let m = -192 - -210. Suppose 0 = 4*d + 14 - m. Let a(g) = -14*g + 1. Determine a(d).
-13
Let t = 29 + -9. Suppose a = 4*l + t, 0*l + 5*l + a = -16. Let b(z) be the second derivative of z**3/6 + 2*z**2 - 19*z - 1. Determine b(l).
0
Let s(c) be the third derivative of 7*c**5/60 + c**4/12 + c**3/6 - 870*c**2. Determine s(-1).
6
Let n(f) = -2*f + 13. Let s be -56*(-80)/256*4/7. Determine n(s).
-7
Let x(s) = -2*s - 10. Let h(f) = -f**2 - 31*f - 50. Let n be h(-29). Suppose n*i + 73 - 33 = 0. What is x(i)?
0
Suppose -23*s - 17 = 5*s + 11. Let b(g) = 9*g**2 + 8*g + 7. What is b(s)?
8
Let f(l) = l + 2. Let n(r) be the first derivative of -r**2 + 6*r - 13. Let y(a) = -3*f(a) - n(a). Suppose -6 = -g - 11. What is y(g)?
-7
Let d(a) be the third derivative of -a**6/120 + 7*a**5/60 - 5*a**4/24 - 7*a**3/6 + 10*a**2. Suppose 109*k - 88*k = 126. Calculate d(k).
-1
Let m(w) = -3*w**3 + w**2 + 3*w - 4. Let a = 18 + -20. Let v(q) = 4*q**3 - 2*q**2 - 3*q + 4. Let d(z) = a*v(z) - 3*m(z). Determine d(-3).
-5
Let k(y) = 3*y + 23. Let q(m) = -m - 7. Let g(d) = 4*k(d) + 11*q(d). Let c be g(-7). Let s(o) = o**3 - 7*o**2 - 8*o + 2. Give s(c).
2
Let z(t) = -1172 + 2322 + 4*t + t - 1192 + t**2. Determine z(-8).
-18
Let l = 83 - 75. Let x(n) = -2*n**2 + 0*n**2 - 9*n + 3*n**2 - 3 + 13 - 7. Give x(l).
-5
Let j(u) be the third derivative of u**6/120 - u**5/15 - u**4/12 + 2*u**3/3 + 110*u**2. Calculate j(4).
-4
Let j(s) = 13*s - 9. Let l = 19004 - 19002. Determine j(l).
17
Let h(t) = -2*t**2 - 70*t - 73. Let b = -3955 + 3921. Give h(b).
-5
Let h(s) = -2*s**3 + 16*s**2 - 5*s - 4. Suppose 80*i - 348 - 292 = 0. What is h(i)?
-44
Suppose 3*p + 2*r - 24 = 0, 5*r + 6 = -2*p + 22. Let v(l) = l**3 + l**2 + l + 1. Let h(q) = 10*q**2 - 9*q + 12. Let k(s) = -h(s) + v(s). What is k(p)?
5
Suppose -3*o - 10*o + 377 = 312. Let d(g) = 6*g - 15. Determine d(o).
15
Suppose -2*h = 3 - 35. Let v(r) = -17 - h - 3*r + r**3 + 7*r**2 + 30. Calculate v(-7).
18
Let s = 4 + -2. Let r(y) be the third derivative of y**6/120 + y**5/60 + y**4/12 - y**3/2 + 2231*y**2. Determine r(s).
13
Let o(a) be the second derivative of -a**4/12 - 2*a**3/3 + 7*a**2/2 - 2*a. Suppose -538*y + 95 = -557*y. Calculate o(y).
2
Let f(g) = -g**3 - 34*g**2 - 32*g + 39. Let o be -9*(-2)/(-9)*(-33)/(-2). Calculate f(o).
6
Let f(t) = -4 + 18 - 11 + 8*t**2 + 2*t - 9*t**2. Let s = 27 - 24. Determine f(s).
0
Let v(k) = -k**3 - 3 - 7 - 9*k - 4346*k**2 + 4340*k**2 + k. Give v(-5).
5
Let u = -16 - -35. Suppose -3*w = -2*j + 3, 4*w + w + u = j. Let k(c) = -c**3 - 6*c**2 + 4*c + 1. Give k(j).
-23
Let k(j) = j**2 - 9*j + 2. Let r(c) be the second derivative of -c**5/20 + 19*c**4/12 - 17*c**3/3 + 9*c**2/2 - 75*c - 2. Let g be r(17). What is k(g)?
2
Suppose 2*t - 110 = -3*t. Let n be (-128)/t*1 - (-16)/(-88). Let a(p) = -7*p**2 + 2*p**2 + 5*p - 8 - p**3 + 2. Calculate a(n).
0
Let j(y) = 2*y**2 + 7*y - 70. Let t be j(-8). Let f(p) be the second derivative of 14*p + 1/6*p**3 + 0 + 5*p**t. What is f(7)?
17
Let t(b) = b**3 + 2*b**2 - 5*b + 2. Let u be 2 + 3*(3/(-9) + 5). Suppose -7*l + 4*l - 12 = -3*h, 4*l - h = -u. What is t(l)?
-10
Let j(w) = 11*w**3 + 221*w + 0 - 225*w - 4 - 12*w**3. Determine j(-3).
35
Suppose 2*x - 8 = p + 3*p, 3*p = -x - 11. Let c(s) = -s**3 + 7*s + 4. Let u be c(p). Let d(a) = a**3 - 9*a**2 - 8*a + 3. Determine d(u).
23
Let f = -6 + 3. Let v(c) = 93*c**2 + 2*c + 12. Let z(y) = -74*y**2 - y - 9. Let w(p) = -4*v(p) - 5*z(p). What is w(f)?
-12
Let f be (51/(-60) - 8/20)*4. Suppose -4*l + 2*o + 21 + 7 = 0, 4*l - 3*o - 32 = 0. Let s(r) = 6*r**2 + 5*r**2 + 1 + l*r - 19*r**2 + 9*r**2. Calculate s(f).
1
Let s(f) = -760*f - 2 - 787*f + 10*f**2 + 1542*f - f**3. Give s(4).
74
Let n(t) = -t**2 - 18*t + 240. Suppose 1651*g - 141 = 1661*g + 129. Calculate n(g).
-3
Let c(l) be the second derivative of 2*l**3 - 79*l**2 - 30*l. Give c(13).
-2
Let t(f) = -239 - 50*f + 717 + 0*f**2 - 234 - 223 - 3*f**2. Determine t(-17).
4
Let r(p) = 2*p**2 + 39*p + 11. Let m be (-15)/(90/(-6)) + -20. Determine r(m).
-8
Let i(v) be the first derivative of -66 - 1/3*v**3 + 7/2*v**2 + 2*v. Suppose 0 = n - 0*c + c - 6, -2*n - c = -12. What is i(n)?
8
Let l(w) = -3*w**3 + w**2 + 2*w - 1. Suppose -21*s + 17*s + 14*s - 20 = 0. What is l(s)?
-17
Let t = -35 + 36. Let c be 60/(-50)*10/4 + t. Let p(o) = o - 2. Determine p(c).
-4
Let m(h) = -35*h + 16 - 1136*h**2 + 1131*h**2 - 20*h. Calculate m(-11).
16
Let l(r) = 10 + 4*r + 3*r - 17*r + 7*r + 5*r. Suppose 25 = 5*n, n - 20 = 4*c + 21. Give l(c).
-8
Let d(l) = -2*l + 20 - 4*l - 24*l**3 + 23*l**3 - 9*l - 17*l**2. Let x be 172/(-387) + 280/(-18). What is d(x)?
4
Let b(z) be the second derivative of 2*z**3/3 + z**2 + 3001*z. Let q be 2 + -3 + (6 - 0). Give b(q).
22
Suppose -12*h + 19 + 29 = 0. Suppose -5*w + h*b = 2*b + 40, -b - 13 = 3*w. Let z(v) = -v**2 - 4*v + 1. What is z(w)?
-11
Let p(f) = 2*f**2 + 16*f + 16. Let r(l) = l**3 - 14*l**2 - 207*l - 7. Let g be r(-9). Determine p(g).
2
Let g(h) = 3*h**3 - h**2 + h. Let a(l) = -2*l**3 - 12*l**2 - l - 4. Let m be a(-6). Calculate g(m).
22
Let s(b) be the third derivative of -b**5/30 - 3*b**4/8 - b**3/2 + 1285*b**2. Suppose t - 9 = -0*t - 5*o, -2*t = -3*o + 21. Calculate s(t).
-21
Let w(g) be the first derivative of -g**3/3 + g**2/2 + 9*g + 2. Give w(-2).
3
Let u(c) be the first derivative of 16*c**3/3 - 3891. Calculate u(-1).
16
Let s(g) = g**2 + 158*g + 4944. Let k be s(-115). Suppose 46 = 4*f + 2*u, 0*f + 2*f - 38 = 2*u. Let a(l) = 4 + l + f*l**2 - 5 - 3*l. Give a(k).
15
Let s(b) be the third derivative of -b**5/60 - b**4/6 - b**3/6 - 1275*b**2. Suppose z + 12 = -z. Give s(z).
-13
Let z(b) = -5*b**3 + 2*b**2 + 5*b + 4. Let n(o) = 2*o**2 - 31*o - 622. Let k be n(27). What is z(k)?
6
Let g(q) = q**3 - 8*q**3 - 5*q**3 + q**3 + 12*q**3 + 2 - 6*q - 5*q**2. Let j(o) = -2*o**3 - 3*o**2 + 2. Let x be j(-2). Give g(x).
2
Let p(r) = 3*r**2 - 5*r**2 - 19*r + r**2 - 16 + 34*r - 27*r. Give p(-8).
16
Let u(v) = -12 - 2*v**2 - 11 - 16 + 38. Let a(y) = 2*y**2 - 20*y - 76. Let t be a(13). Give u(t).
-9
Let f = 71 + -65. Suppose -4*a + f*a = -5*j - 45, -4*a - 48 = 4*j. Let q be 20/5 - (j + 9/3). Let g(l) = l - 7. Determine g(q).
1
Let i(n) = -n**3 - 13*n**2 + 28*n - 17. Let m = 8881 + -8896. Calculate i(m).
13
Suppose -9*y + 7*y = -4*h + 6, 0 = 3*h + y + 3. Let u(a) be t